{"id":2615,"date":"2026-04-28T10:53:21","date_gmt":"2026-04-28T08:53:21","guid":{"rendered":"https:\/\/facts-and-figures.belgiantrain.be\/2025\/?page_id=2615"},"modified":"2026-05-06T14:56:16","modified_gmt":"2026-05-06T12:56:16","slug":"une-hausse-constante-du-nombre-de-voyageurs","status":"publish","type":"page","link":"https:\/\/facts-and-figures.belgiantrain.be\/2025\/voyageurs\/une-hausse-constante-du-nombre-de-voyageurs\/","title":{"rendered":"Une hausse constante du nombre de voyageurs, surtout pour les tickets individuels"},"content":{"rendered":"<p>En 2025, la SNCB a transport\u00e9 207,8 millions de voyageurs, soit une hausse de 1 % par rapport \u00e0 2024, et ce en d\u00e9pit du contexte de gr\u00e8ves r\u00e9p\u00e9t\u00e9es tout au long de l\u2019ann\u00e9e. Cette croissance est non seulement port\u00e9e par les d\u00e9placements domicile-travail (+1,5 %), mais surtout par les voyages effectu\u00e9s avec des tickets individuels (+2,6 %). Les ventes des produits Multi-trajets, par contre, \u00e9taient en forte baisse (-19 %).<\/p>\n<p>Lorsque l\u2019on neutralise l\u2019impact des gr\u00e8ves survenues au cours de l\u2019ann\u00e9e 2025, la croissance serait d&rsquo;environ 2,5 % et les ventes de billets augmenteraient de 5,4 %.<\/p>\n<p>Si l\u2019on compare les chiffres de l\u2019ann\u00e9e 2025 avec les chiffres de l\u2019ann\u00e9e 2022, sur base de cette m\u00e9thode, le nombre de voyageurs a augment\u00e9 de plus de 14 %. Cette augmentation est principalement port\u00e9e par la hausse du nombre de trajets effectu\u00e9s avec un abonnement domicile-travail (+24,8 %) et par les ventes des tickets individuels (+15,6 %).<\/p>\n<p>Si l\u2019on compare avec les chiffres 2019 \u00e9galement calcul\u00e9s sur base de cette m\u00e9thode, <strong>les 207,8 millions de voyageurs enregistr\u00e9s en 2025 sont inf\u00e9rieurs de 9,7 % aux 230 millions de voyageurs transport\u00e9s par la SNCB en 2019<\/strong>. Cette \u00e9volution s\u2019explique principalement par la <strong>forte baisse du segment domicile-travail (-32,4 %), largement li\u00e9e \u00e0 l\u2019essor du t\u00e9l\u00e9travail. Les tickets individuels enregistrent, par contre, une tr\u00e8s forte croissance (+24 %)<\/strong>. En neutralisant l\u2019impact des gr\u00e8ves, le nombre de voyageurs enregistr\u00e9s en 2025 est inf\u00e9rieur de 8,4 % par rapport \u00e0 2019, et la croissance des tickets individuels est de 28 %. Cette neutralisation n\u2019a pas d\u2019impact sur le segment domicile-travail.<\/p>\n","protected":false},"excerpt":{"rendered":"<p>En 2025, la SNCB a transport\u00e9 207,8 millions de voyageurs, soit une hausse de 1 % par rapport \u00e0 2024, et ce&#8230;<\/p>\n","protected":false},"author":1,"featured_media":0,"parent":38,"menu_order":11,"comment_status":"closed","ping_status":"closed","template":"","meta":{"_acf_changed":false,"footnotes":""},"class_list":["post-2615","page","type-page","status-publish","hentry"],"acf":{"contenu":[{"acf_fc_layout":"texte","texte":"<p>En 2025, la SNCB a transport\u00e9 <strong>207,8 millions de voyageurs<\/strong>, soit une hausse de 1 % par rapport \u00e0 2024, et ce en d\u00e9pit du contexte de gr\u00e8ves r\u00e9p\u00e9t\u00e9es tout au long de l\u2019ann\u00e9e. Cette croissance est non seulement port\u00e9e par les d\u00e9placements domicile-travail (+1,5 %), mais surtout par les voyages effectu\u00e9s avec des tickets individuels (+2,6 %). Les ventes des produits Multi-trajets, par contre, \u00e9taient en forte baisse (-19 %).<\/p>\n<p>Lorsque l\u2019on neutralise l\u2019impact des gr\u00e8ves survenues au cours de l\u2019ann\u00e9e 2025, la croissance serait d&rsquo;environ 2,5 % et les ventes de billets augmenteraient de 5,4 %.<\/p>\n<p>Si l\u2019on compare les chiffres de l\u2019ann\u00e9e 2025 avec les chiffres de l\u2019ann\u00e9e 2022, sur base de cette m\u00e9thode, le nombre de voyageurs a augment\u00e9 de plus de 14 %. Cette augmentation est principalement port\u00e9e par la hausse du nombre de trajets effectu\u00e9s avec un abonnement domicile-travail (+24,8 %) et par les ventes des tickets individuels (+15,6 %).<\/p>\n<p>Si l\u2019on compare avec les chiffres 2019 \u00e9galement calcul\u00e9s sur base de cette m\u00e9thode, les 207,8 millions de voyageurs enregistr\u00e9s en 2025 sont inf\u00e9rieurs de 9,7 % aux 230 millions de voyageurs transport\u00e9s par la SNCB en 2019. Cette \u00e9volution s\u2019explique principalement par la <strong>forte baisse du segment domicile-travail (-32,4 %), largement li\u00e9e \u00e0 l\u2019essor du t\u00e9l\u00e9travail. Les tickets individuels enregistrent, par contre, une tr\u00e8s forte croissance (+24 %). <\/strong>En neutralisant l\u2019impact des gr\u00e8ves, le nombre de voyageurs enregistr\u00e9s en 2025 est inf\u00e9rieur de 8,4 % par rapport \u00e0 2019, et la croissance des tickets individuels est de 28 %. Cette neutralisation n\u2019a pas d\u2019impact sur le segment domicile-travail.<\/p>\n","centre":false},{"acf_fc_layout":"media","media":"image","image":2792,"rive":"","size":"small","zoomable":false},{"acf_fc_layout":"texte","texte":"<p><strong>Nombre de voyageurs par an:<\/strong><\/p>\n","centre":true},{"acf_fc_layout":"media","media":"rive","image":false,"rive":"3","size":"small","zoomable":false}]},"yoast_head":"<!-- This site is optimized with the Yoast SEO plugin v27.5 - https:\/\/yoast.com\/product\/yoast-seo-wordpress\/ -->\n<title>Une hausse constante du nombre de voyageurs, surtout pour les tickets individuels - SNCB R\u00e9alisations et chiffres-cl\u00e9s<\/title>\n<meta name=\"description\" content=\"En 2025, la SNCB a transport\u00e9 207,8 millions de voyageurs, soit une hausse de 1 % par rapport \u00e0 2024, et ce en d\u00e9pit du contexte de gr\u00e8ves r\u00e9p\u00e9t\u00e9es tout au long de l\u2019ann\u00e9e. Cette croissance est non seulement port\u00e9e par les d\u00e9placements domicile-travail (+1,5 %), mais surtout par les voyages effectu\u00e9s avec des tickets individuels (+2,6 %). Les ventes des produits Multi-trajets, par contre, \u00e9taient en forte baisse (-19 %).\" \/>\n<meta name=\"robots\" content=\"index, follow, max-snippet:-1, max-image-preview:large, max-video-preview:-1\" \/>\n<link rel=\"canonical\" href=\"https:\/\/facts-and-figures.belgiantrain.be\/2025\/voyageurs\/une-hausse-constante-du-nombre-de-voyageurs\/\" \/>\n<meta property=\"og:locale\" content=\"fr_FR\" \/>\n<meta property=\"og:type\" content=\"article\" \/>\n<meta property=\"og:title\" content=\"Une hausse constante du nombre de voyageurs, surtout pour les tickets individuels - SNCB R\u00e9alisations et chiffres-cl\u00e9s\" \/>\n<meta property=\"og:description\" content=\"En 2025, la SNCB a transport\u00e9 207,8 millions de voyageurs, soit une hausse de 1 % par rapport \u00e0 2024, et ce en d\u00e9pit du contexte de gr\u00e8ves r\u00e9p\u00e9t\u00e9es tout au long de l\u2019ann\u00e9e. Cette croissance est non seulement port\u00e9e par les d\u00e9placements domicile-travail (+1,5 %), mais surtout par les voyages effectu\u00e9s avec des tickets individuels (+2,6 %). Les ventes des produits Multi-trajets, par contre, \u00e9taient en forte baisse (-19 %).\" \/>\n<meta property=\"og:url\" content=\"https:\/\/facts-and-figures.belgiantrain.be\/2025\/voyageurs\/une-hausse-constante-du-nombre-de-voyageurs\/\" \/>\n<meta property=\"og:site_name\" content=\"SNCB R\u00e9alisations et chiffres-cl\u00e9s\" \/>\n<meta property=\"article:modified_time\" content=\"2026-05-06T12:56:16+00:00\" \/>\n<meta name=\"twitter:card\" content=\"summary_large_image\" \/>\n<script type=\"application\/ld+json\" class=\"yoast-schema-graph\">{\"@context\":\"https:\\\/\\\/schema.org\",\"@graph\":[{\"@type\":\"WebPage\",\"@id\":\"https:\\\/\\\/facts-and-figures.belgiantrain.be\\\/2025\\\/voyageurs\\\/une-hausse-constante-du-nombre-de-voyageurs\\\/\",\"url\":\"https:\\\/\\\/facts-and-figures.belgiantrain.be\\\/2025\\\/voyageurs\\\/une-hausse-constante-du-nombre-de-voyageurs\\\/\",\"name\":\"Une hausse constante du nombre de voyageurs, surtout pour les tickets individuels - SNCB R\u00e9alisations et chiffres-cl\u00e9s\",\"isPartOf\":{\"@id\":\"https:\\\/\\\/facts-and-figures.belgiantrain.be\\\/2025\\\/#website\"},\"datePublished\":\"2026-04-28T08:53:21+00:00\",\"dateModified\":\"2026-05-06T12:56:16+00:00\",\"description\":\"En 2025, la SNCB a transport\u00e9 207,8 millions de voyageurs, soit une hausse de 1 % par rapport \u00e0 2024, et ce en d\u00e9pit du contexte de gr\u00e8ves r\u00e9p\u00e9t\u00e9es tout au long de l\u2019ann\u00e9e. Cette croissance est non seulement port\u00e9e par les d\u00e9placements domicile-travail (+1,5 %), mais surtout par les voyages effectu\u00e9s avec des tickets individuels (+2,6 %). Les ventes des produits Multi-trajets, par contre, \u00e9taient en forte baisse (-19 %).\",\"breadcrumb\":{\"@id\":\"https:\\\/\\\/facts-and-figures.belgiantrain.be\\\/2025\\\/voyageurs\\\/une-hausse-constante-du-nombre-de-voyageurs\\\/#breadcrumb\"},\"inLanguage\":\"fr-FR\",\"potentialAction\":[{\"@type\":\"ReadAction\",\"target\":[\"https:\\\/\\\/facts-and-figures.belgiantrain.be\\\/2025\\\/voyageurs\\\/une-hausse-constante-du-nombre-de-voyageurs\\\/\"]}]},{\"@type\":\"BreadcrumbList\",\"@id\":\"https:\\\/\\\/facts-and-figures.belgiantrain.be\\\/2025\\\/voyageurs\\\/une-hausse-constante-du-nombre-de-voyageurs\\\/#breadcrumb\",\"itemListElement\":[{\"@type\":\"ListItem\",\"position\":1,\"name\":\"Accueil\",\"item\":\"https:\\\/\\\/facts-and-figures.belgiantrain.be\\\/2025\\\/\"},{\"@type\":\"ListItem\",\"position\":2,\"name\":\"Voyageurs\",\"item\":\"https:\\\/\\\/facts-and-figures.belgiantrain.be\\\/2025\\\/voyageurs\\\/\"},{\"@type\":\"ListItem\",\"position\":3,\"name\":\"Une hausse constante du nombre de voyageurs, surtout pour les tickets individuels\"}]},{\"@type\":\"WebSite\",\"@id\":\"https:\\\/\\\/facts-and-figures.belgiantrain.be\\\/2025\\\/#website\",\"url\":\"https:\\\/\\\/facts-and-figures.belgiantrain.be\\\/2025\\\/\",\"name\":\"SNCB R\u00e9alisations et chiffres-cl\u00e9s 2024\",\"description\":\"\",\"publisher\":{\"@id\":\"https:\\\/\\\/facts-and-figures.belgiantrain.be\\\/2025\\\/#organization\"},\"potentialAction\":[{\"@type\":\"SearchAction\",\"target\":{\"@type\":\"EntryPoint\",\"urlTemplate\":\"https:\\\/\\\/facts-and-figures.belgiantrain.be\\\/2025\\\/?s={search_term_string}\"},\"query-input\":{\"@type\":\"PropertyValueSpecification\",\"valueRequired\":true,\"valueName\":\"search_term_string\"}}],\"inLanguage\":\"fr-FR\"},{\"@type\":\"Organization\",\"@id\":\"https:\\\/\\\/facts-and-figures.belgiantrain.be\\\/2025\\\/#organization\",\"name\":\"SNCB R\u00e9alisations et chiffres-cl\u00e9s 2024\",\"url\":\"https:\\\/\\\/facts-and-figures.belgiantrain.be\\\/2025\\\/\",\"logo\":{\"@type\":\"ImageObject\",\"inLanguage\":\"fr-FR\",\"@id\":\"https:\\\/\\\/facts-and-figures.belgiantrain.be\\\/2025\\\/#\\\/schema\\\/logo\\\/image\\\/\",\"url\":\"https:\\\/\\\/facts-and-figures.belgiantrain.be\\\/2025\\\/wp-content\\\/uploads\\\/2025\\\/04\\\/apple-touch-icon.png\",\"contentUrl\":\"https:\\\/\\\/facts-and-figures.belgiantrain.be\\\/2025\\\/wp-content\\\/uploads\\\/2025\\\/04\\\/apple-touch-icon.png\",\"width\":57,\"height\":57,\"caption\":\"SNCB R\u00e9alisations et chiffres-cl\u00e9s 2024\"},\"image\":{\"@id\":\"https:\\\/\\\/facts-and-figures.belgiantrain.be\\\/2025\\\/#\\\/schema\\\/logo\\\/image\\\/\"}}]}<\/script>\n<!-- \/ Yoast SEO plugin. -->","yoast_head_json":{"title":"Une hausse constante du nombre de voyageurs, surtout pour les tickets individuels - SNCB R\u00e9alisations et chiffres-cl\u00e9s","description":"En 2025, la SNCB a transport\u00e9 207,8 millions de voyageurs, soit une hausse de 1 % par rapport \u00e0 2024, et ce en d\u00e9pit du contexte de gr\u00e8ves r\u00e9p\u00e9t\u00e9es tout au long de l\u2019ann\u00e9e. Cette croissance est non seulement port\u00e9e par les d\u00e9placements domicile-travail (+1,5 %), mais surtout par les voyages effectu\u00e9s avec des tickets individuels (+2,6 %). Les ventes des produits Multi-trajets, par contre, \u00e9taient en forte baisse (-19 %).","robots":{"index":"index","follow":"follow","max-snippet":"max-snippet:-1","max-image-preview":"max-image-preview:large","max-video-preview":"max-video-preview:-1"},"canonical":"https:\/\/facts-and-figures.belgiantrain.be\/2025\/voyageurs\/une-hausse-constante-du-nombre-de-voyageurs\/","og_locale":"fr_FR","og_type":"article","og_title":"Une hausse constante du nombre de voyageurs, surtout pour les tickets individuels - SNCB R\u00e9alisations et chiffres-cl\u00e9s","og_description":"En 2025, la SNCB a transport\u00e9 207,8 millions de voyageurs, soit une hausse de 1 % par rapport \u00e0 2024, et ce en d\u00e9pit du contexte de gr\u00e8ves r\u00e9p\u00e9t\u00e9es tout au long de l\u2019ann\u00e9e. Cette croissance est non seulement port\u00e9e par les d\u00e9placements domicile-travail (+1,5 %), mais surtout par les voyages effectu\u00e9s avec des tickets individuels (+2,6 %). Les ventes des produits Multi-trajets, par contre, \u00e9taient en forte baisse (-19 %).","og_url":"https:\/\/facts-and-figures.belgiantrain.be\/2025\/voyageurs\/une-hausse-constante-du-nombre-de-voyageurs\/","og_site_name":"SNCB R\u00e9alisations et chiffres-cl\u00e9s","article_modified_time":"2026-05-06T12:56:16+00:00","twitter_card":"summary_large_image","schema":{"@context":"https:\/\/schema.org","@graph":[{"@type":"WebPage","@id":"https:\/\/facts-and-figures.belgiantrain.be\/2025\/voyageurs\/une-hausse-constante-du-nombre-de-voyageurs\/","url":"https:\/\/facts-and-figures.belgiantrain.be\/2025\/voyageurs\/une-hausse-constante-du-nombre-de-voyageurs\/","name":"Une hausse constante du nombre de voyageurs, surtout pour les tickets individuels - SNCB R\u00e9alisations et chiffres-cl\u00e9s","isPartOf":{"@id":"https:\/\/facts-and-figures.belgiantrain.be\/2025\/#website"},"datePublished":"2026-04-28T08:53:21+00:00","dateModified":"2026-05-06T12:56:16+00:00","description":"En 2025, la SNCB a transport\u00e9 207,8 millions de voyageurs, soit une hausse de 1 % par rapport \u00e0 2024, et ce en d\u00e9pit du contexte de gr\u00e8ves r\u00e9p\u00e9t\u00e9es tout au long de l\u2019ann\u00e9e. Cette croissance est non seulement port\u00e9e par les d\u00e9placements domicile-travail (+1,5 %), mais surtout par les voyages effectu\u00e9s avec des tickets individuels (+2,6 %). Les ventes des produits Multi-trajets, par contre, \u00e9taient en forte baisse (-19 %).","breadcrumb":{"@id":"https:\/\/facts-and-figures.belgiantrain.be\/2025\/voyageurs\/une-hausse-constante-du-nombre-de-voyageurs\/#breadcrumb"},"inLanguage":"fr-FR","potentialAction":[{"@type":"ReadAction","target":["https:\/\/facts-and-figures.belgiantrain.be\/2025\/voyageurs\/une-hausse-constante-du-nombre-de-voyageurs\/"]}]},{"@type":"BreadcrumbList","@id":"https:\/\/facts-and-figures.belgiantrain.be\/2025\/voyageurs\/une-hausse-constante-du-nombre-de-voyageurs\/#breadcrumb","itemListElement":[{"@type":"ListItem","position":1,"name":"Accueil","item":"https:\/\/facts-and-figures.belgiantrain.be\/2025\/"},{"@type":"ListItem","position":2,"name":"Voyageurs","item":"https:\/\/facts-and-figures.belgiantrain.be\/2025\/voyageurs\/"},{"@type":"ListItem","position":3,"name":"Une hausse constante du nombre de voyageurs, surtout pour les tickets individuels"}]},{"@type":"WebSite","@id":"https:\/\/facts-and-figures.belgiantrain.be\/2025\/#website","url":"https:\/\/facts-and-figures.belgiantrain.be\/2025\/","name":"SNCB R\u00e9alisations et chiffres-cl\u00e9s 2024","description":"","publisher":{"@id":"https:\/\/facts-and-figures.belgiantrain.be\/2025\/#organization"},"potentialAction":[{"@type":"SearchAction","target":{"@type":"EntryPoint","urlTemplate":"https:\/\/facts-and-figures.belgiantrain.be\/2025\/?s={search_term_string}"},"query-input":{"@type":"PropertyValueSpecification","valueRequired":true,"valueName":"search_term_string"}}],"inLanguage":"fr-FR"},{"@type":"Organization","@id":"https:\/\/facts-and-figures.belgiantrain.be\/2025\/#organization","name":"SNCB R\u00e9alisations et chiffres-cl\u00e9s 2024","url":"https:\/\/facts-and-figures.belgiantrain.be\/2025\/","logo":{"@type":"ImageObject","inLanguage":"fr-FR","@id":"https:\/\/facts-and-figures.belgiantrain.be\/2025\/#\/schema\/logo\/image\/","url":"https:\/\/facts-and-figures.belgiantrain.be\/2025\/wp-content\/uploads\/2025\/04\/apple-touch-icon.png","contentUrl":"https:\/\/facts-and-figures.belgiantrain.be\/2025\/wp-content\/uploads\/2025\/04\/apple-touch-icon.png","width":57,"height":57,"caption":"SNCB R\u00e9alisations et chiffres-cl\u00e9s 2024"},"image":{"@id":"https:\/\/facts-and-figures.belgiantrain.be\/2025\/#\/schema\/logo\/image\/"}}]}},"_links":{"self":[{"href":"https:\/\/facts-and-figures.belgiantrain.be\/2025\/wp-json\/wp\/v2\/pages\/2615","targetHints":{"allow":["GET"]}}],"collection":[{"href":"https:\/\/facts-and-figures.belgiantrain.be\/2025\/wp-json\/wp\/v2\/pages"}],"about":[{"href":"https:\/\/facts-and-figures.belgiantrain.be\/2025\/wp-json\/wp\/v2\/types\/page"}],"author":[{"embeddable":true,"href":"https:\/\/facts-and-figures.belgiantrain.be\/2025\/wp-json\/wp\/v2\/users\/1"}],"replies":[{"embeddable":true,"href":"https:\/\/facts-and-figures.belgiantrain.be\/2025\/wp-json\/wp\/v2\/comments?post=2615"}],"version-history":[{"count":10,"href":"https:\/\/facts-and-figures.belgiantrain.be\/2025\/wp-json\/wp\/v2\/pages\/2615\/revisions"}],"predecessor-version":[{"id":2966,"href":"https:\/\/facts-and-figures.belgiantrain.be\/2025\/wp-json\/wp\/v2\/pages\/2615\/revisions\/2966"}],"up":[{"embeddable":true,"href":"https:\/\/facts-and-figures.belgiantrain.be\/2025\/wp-json\/wp\/v2\/pages\/38"}],"wp:attachment":[{"href":"https:\/\/facts-and-figures.belgiantrain.be\/2025\/wp-json\/wp\/v2\/media?parent=2615"}],"curies":[{"name":"wp","href":"https:\/\/api.w.org\/{rel}","templated":true}]}}