{"id":2358,"date":"2026-03-30T13:07:59","date_gmt":"2026-03-30T11:07:59","guid":{"rendered":"https:\/\/facts-and-figures.belgiantrain.be\/2025\/?page_id=2358"},"modified":"2026-05-06T15:34:27","modified_gmt":"2026-05-06T13:34:27","slug":"train-world-entre-patrimoine-et-transmission","status":"publish","type":"page","link":"https:\/\/facts-and-figures.belgiantrain.be\/2025\/gares\/train-world-entre-patrimoine-et-transmission\/","title":{"rendered":"Train World, entre patrimoine et transmission"},"content":{"rendered":"","protected":false},"excerpt":{"rendered":"","protected":false},"author":2,"featured_media":0,"parent":40,"menu_order":35,"comment_status":"closed","ping_status":"closed","template":"","meta":{"_acf_changed":false,"footnotes":""},"class_list":["post-2358","page","type-page","status-publish","hentry"],"acf":{"contenu":[{"acf_fc_layout":"texte","texte":"<p>Fin septembre <strong>2025, Train World<\/strong>, le mus\u00e9e de la <strong>SNCB<\/strong>, a ouvert au public l\u2019exposition \u00ab La SNCB occup\u00e9e. Entre collaboration et r\u00e9sistance \u00bb. Cette exposition d\u00e9crit le r\u00f4le des chemins de fer belges durant la<strong> Seconde Guerre mondiale<\/strong> et s\u2019inscrit dans le cadre des recommandations formul\u00e9es par le Groupe des Sages dans son rapport \u00ab V\u00e9rit\u00e9. Transmission. R\u00e9paration. La SNCB et les d\u00e9portations durant la Seconde Guerre mondiale \u00bb. L\u2019exposition est gratuite pour les jeunes jusque<strong> 18 ans<\/strong> inclus, y compris en groupe scolaire.<\/p>\n<p>A ce jour, le mus\u00e9e a accueilli plus de <strong>65 000 visiteurs<\/strong>. Les \u00e9l\u00e8ves des \u00e9coles primaires et secondaires repr\u00e9sentent pr\u00e8s de <strong>40 % du public<\/strong>.<\/p>\n<p>Cette exposition se tient jusqu\u2019au<strong> 28 juin 2026<\/strong> \u00e0 Train World. Elle s\u2019accompagne de nombreux supports p\u00e9dagogiques et ateliers \u00e9ducatifs \u00e0 destination des \u00e9coles, ainsi que d\u2019un cycle de t\u00e9moignages et de conf\u00e9rences et de pages web d\u00e9di\u00e9es rendant accessibles au grand public toutes les sources disponibles (archives, documentation, collection historique) li\u00e9es \u00e0 l\u2019histoire des chemins de fer belges pendant la Seconde Guerre mondiale.<\/p>\n<p>En outre, la <strong>SNCB<\/strong> et <strong>Kazerne Dossin<\/strong> coop\u00e8rent afin de rendre cette page noire de l\u2019histoire collective visible et d\u2019en maintenir le souvenir, aujourd&rsquo;hui et \u00e0 l&rsquo;avenir. L\u2019ancienne caserne Dossin \u00e0 Malines, depuis laquelle de nombreux Juifs et Roms ont \u00e9t\u00e9 d\u00e9port\u00e9s entre 1942 et 1944, est aujourd\u2019hui devenue Kazerne Dossin, un <strong>M\u00e9morial, mus\u00e9e et centre de recherche sur la Shoah et les Droits humains<\/strong>.<\/p>\n<p>En plus du Discovery Ticket existant vers le mus\u00e9e Train World et le mus\u00e9e de l\u2019Arm\u00e9e (WHI), la SNCB propose un Discovery Ticket pour se rendre en train \u00e0 Kazerne Dossin et visiter ce <strong>lieu de recueillement, de souvenir et de comm\u00e9moration<\/strong>.<\/p>\n","centre":false},{"acf_fc_layout":"media","media":"image","image":2814,"rive":"","size":"small","zoomable":false}]},"yoast_head":"<!-- This site is optimized with the Yoast SEO plugin v27.5 - https:\/\/yoast.com\/product\/yoast-seo-wordpress\/ -->\n<title>Train World, entre patrimoine et transmission - SNCB R\u00e9alisations et chiffres-cl\u00e9s<\/title>\n<meta name=\"description\" content=\"Fin septembre 2025, Train World, le mus\u00e9e de la SNCB, a ouvert au public l\u2019exposition \u00ab La SNCB occup\u00e9e.\" \/>\n<meta name=\"robots\" content=\"index, follow, max-snippet:-1, max-image-preview:large, max-video-preview:-1\" \/>\n<link rel=\"canonical\" href=\"https:\/\/facts-and-figures.belgiantrain.be\/2025\/gares\/train-world-entre-patrimoine-et-transmission\/\" \/>\n<meta property=\"og:locale\" content=\"fr_FR\" \/>\n<meta property=\"og:type\" content=\"article\" \/>\n<meta property=\"og:title\" content=\"Train World, entre patrimoine et transmission - SNCB R\u00e9alisations et chiffres-cl\u00e9s\" \/>\n<meta property=\"og:description\" content=\"Fin septembre 2025, Train World, le mus\u00e9e de la SNCB, a ouvert au public l\u2019exposition \u00ab La SNCB occup\u00e9e.\" \/>\n<meta property=\"og:url\" content=\"https:\/\/facts-and-figures.belgiantrain.be\/2025\/gares\/train-world-entre-patrimoine-et-transmission\/\" \/>\n<meta property=\"og:site_name\" content=\"SNCB R\u00e9alisations et chiffres-cl\u00e9s\" \/>\n<meta property=\"article:modified_time\" content=\"2026-05-06T13:34:27+00:00\" \/>\n<meta name=\"twitter:card\" content=\"summary_large_image\" \/>\n<script type=\"application\/ld+json\" class=\"yoast-schema-graph\">{\"@context\":\"https:\\\/\\\/schema.org\",\"@graph\":[{\"@type\":\"WebPage\",\"@id\":\"https:\\\/\\\/facts-and-figures.belgiantrain.be\\\/2025\\\/gares\\\/train-world-entre-patrimoine-et-transmission\\\/\",\"url\":\"https:\\\/\\\/facts-and-figures.belgiantrain.be\\\/2025\\\/gares\\\/train-world-entre-patrimoine-et-transmission\\\/\",\"name\":\"Train World, entre patrimoine et transmission - SNCB R\u00e9alisations et chiffres-cl\u00e9s\",\"isPartOf\":{\"@id\":\"https:\\\/\\\/facts-and-figures.belgiantrain.be\\\/2025\\\/#website\"},\"datePublished\":\"2026-03-30T11:07:59+00:00\",\"dateModified\":\"2026-05-06T13:34:27+00:00\",\"description\":\"Fin septembre 2025, Train World, le mus\u00e9e de la SNCB, a ouvert au public l\u2019exposition \u00ab La SNCB occup\u00e9e.\",\"breadcrumb\":{\"@id\":\"https:\\\/\\\/facts-and-figures.belgiantrain.be\\\/2025\\\/gares\\\/train-world-entre-patrimoine-et-transmission\\\/#breadcrumb\"},\"inLanguage\":\"fr-FR\",\"potentialAction\":[{\"@type\":\"ReadAction\",\"target\":[\"https:\\\/\\\/facts-and-figures.belgiantrain.be\\\/2025\\\/gares\\\/train-world-entre-patrimoine-et-transmission\\\/\"]}]},{\"@type\":\"BreadcrumbList\",\"@id\":\"https:\\\/\\\/facts-and-figures.belgiantrain.be\\\/2025\\\/gares\\\/train-world-entre-patrimoine-et-transmission\\\/#breadcrumb\",\"itemListElement\":[{\"@type\":\"ListItem\",\"position\":1,\"name\":\"Accueil\",\"item\":\"https:\\\/\\\/facts-and-figures.belgiantrain.be\\\/2025\\\/\"},{\"@type\":\"ListItem\",\"position\":2,\"name\":\"Gares\",\"item\":\"https:\\\/\\\/facts-and-figures.belgiantrain.be\\\/2025\\\/gares\\\/\"},{\"@type\":\"ListItem\",\"position\":3,\"name\":\"Train World, entre patrimoine et transmission\"}]},{\"@type\":\"WebSite\",\"@id\":\"https:\\\/\\\/facts-and-figures.belgiantrain.be\\\/2025\\\/#website\",\"url\":\"https:\\\/\\\/facts-and-figures.belgiantrain.be\\\/2025\\\/\",\"name\":\"SNCB R\u00e9alisations et chiffres-cl\u00e9s 2024\",\"description\":\"\",\"publisher\":{\"@id\":\"https:\\\/\\\/facts-and-figures.belgiantrain.be\\\/2025\\\/#organization\"},\"potentialAction\":[{\"@type\":\"SearchAction\",\"target\":{\"@type\":\"EntryPoint\",\"urlTemplate\":\"https:\\\/\\\/facts-and-figures.belgiantrain.be\\\/2025\\\/?s={search_term_string}\"},\"query-input\":{\"@type\":\"PropertyValueSpecification\",\"valueRequired\":true,\"valueName\":\"search_term_string\"}}],\"inLanguage\":\"fr-FR\"},{\"@type\":\"Organization\",\"@id\":\"https:\\\/\\\/facts-and-figures.belgiantrain.be\\\/2025\\\/#organization\",\"name\":\"SNCB R\u00e9alisations et chiffres-cl\u00e9s 2024\",\"url\":\"https:\\\/\\\/facts-and-figures.belgiantrain.be\\\/2025\\\/\",\"logo\":{\"@type\":\"ImageObject\",\"inLanguage\":\"fr-FR\",\"@id\":\"https:\\\/\\\/facts-and-figures.belgiantrain.be\\\/2025\\\/#\\\/schema\\\/logo\\\/image\\\/\",\"url\":\"https:\\\/\\\/facts-and-figures.belgiantrain.be\\\/2025\\\/wp-content\\\/uploads\\\/2025\\\/04\\\/apple-touch-icon.png\",\"contentUrl\":\"https:\\\/\\\/facts-and-figures.belgiantrain.be\\\/2025\\\/wp-content\\\/uploads\\\/2025\\\/04\\\/apple-touch-icon.png\",\"width\":57,\"height\":57,\"caption\":\"SNCB R\u00e9alisations et chiffres-cl\u00e9s 2024\"},\"image\":{\"@id\":\"https:\\\/\\\/facts-and-figures.belgiantrain.be\\\/2025\\\/#\\\/schema\\\/logo\\\/image\\\/\"}}]}<\/script>\n<!-- \/ Yoast SEO plugin. -->","yoast_head_json":{"title":"Train World, entre patrimoine et transmission - SNCB R\u00e9alisations et chiffres-cl\u00e9s","description":"Fin septembre 2025, Train World, le mus\u00e9e de la SNCB, a ouvert au public l\u2019exposition \u00ab La SNCB occup\u00e9e.","robots":{"index":"index","follow":"follow","max-snippet":"max-snippet:-1","max-image-preview":"max-image-preview:large","max-video-preview":"max-video-preview:-1"},"canonical":"https:\/\/facts-and-figures.belgiantrain.be\/2025\/gares\/train-world-entre-patrimoine-et-transmission\/","og_locale":"fr_FR","og_type":"article","og_title":"Train World, entre patrimoine et transmission - SNCB R\u00e9alisations et chiffres-cl\u00e9s","og_description":"Fin septembre 2025, Train World, le mus\u00e9e de la SNCB, a ouvert au public l\u2019exposition \u00ab La SNCB occup\u00e9e.","og_url":"https:\/\/facts-and-figures.belgiantrain.be\/2025\/gares\/train-world-entre-patrimoine-et-transmission\/","og_site_name":"SNCB R\u00e9alisations et chiffres-cl\u00e9s","article_modified_time":"2026-05-06T13:34:27+00:00","twitter_card":"summary_large_image","schema":{"@context":"https:\/\/schema.org","@graph":[{"@type":"WebPage","@id":"https:\/\/facts-and-figures.belgiantrain.be\/2025\/gares\/train-world-entre-patrimoine-et-transmission\/","url":"https:\/\/facts-and-figures.belgiantrain.be\/2025\/gares\/train-world-entre-patrimoine-et-transmission\/","name":"Train World, entre patrimoine et transmission - SNCB R\u00e9alisations et chiffres-cl\u00e9s","isPartOf":{"@id":"https:\/\/facts-and-figures.belgiantrain.be\/2025\/#website"},"datePublished":"2026-03-30T11:07:59+00:00","dateModified":"2026-05-06T13:34:27+00:00","description":"Fin septembre 2025, Train World, le mus\u00e9e de la SNCB, a ouvert au public l\u2019exposition \u00ab La SNCB occup\u00e9e.","breadcrumb":{"@id":"https:\/\/facts-and-figures.belgiantrain.be\/2025\/gares\/train-world-entre-patrimoine-et-transmission\/#breadcrumb"},"inLanguage":"fr-FR","potentialAction":[{"@type":"ReadAction","target":["https:\/\/facts-and-figures.belgiantrain.be\/2025\/gares\/train-world-entre-patrimoine-et-transmission\/"]}]},{"@type":"BreadcrumbList","@id":"https:\/\/facts-and-figures.belgiantrain.be\/2025\/gares\/train-world-entre-patrimoine-et-transmission\/#breadcrumb","itemListElement":[{"@type":"ListItem","position":1,"name":"Accueil","item":"https:\/\/facts-and-figures.belgiantrain.be\/2025\/"},{"@type":"ListItem","position":2,"name":"Gares","item":"https:\/\/facts-and-figures.belgiantrain.be\/2025\/gares\/"},{"@type":"ListItem","position":3,"name":"Train World, entre patrimoine et transmission"}]},{"@type":"WebSite","@id":"https:\/\/facts-and-figures.belgiantrain.be\/2025\/#website","url":"https:\/\/facts-and-figures.belgiantrain.be\/2025\/","name":"SNCB R\u00e9alisations et chiffres-cl\u00e9s 2024","description":"","publisher":{"@id":"https:\/\/facts-and-figures.belgiantrain.be\/2025\/#organization"},"potentialAction":[{"@type":"SearchAction","target":{"@type":"EntryPoint","urlTemplate":"https:\/\/facts-and-figures.belgiantrain.be\/2025\/?s={search_term_string}"},"query-input":{"@type":"PropertyValueSpecification","valueRequired":true,"valueName":"search_term_string"}}],"inLanguage":"fr-FR"},{"@type":"Organization","@id":"https:\/\/facts-and-figures.belgiantrain.be\/2025\/#organization","name":"SNCB R\u00e9alisations et chiffres-cl\u00e9s 2024","url":"https:\/\/facts-and-figures.belgiantrain.be\/2025\/","logo":{"@type":"ImageObject","inLanguage":"fr-FR","@id":"https:\/\/facts-and-figures.belgiantrain.be\/2025\/#\/schema\/logo\/image\/","url":"https:\/\/facts-and-figures.belgiantrain.be\/2025\/wp-content\/uploads\/2025\/04\/apple-touch-icon.png","contentUrl":"https:\/\/facts-and-figures.belgiantrain.be\/2025\/wp-content\/uploads\/2025\/04\/apple-touch-icon.png","width":57,"height":57,"caption":"SNCB R\u00e9alisations et chiffres-cl\u00e9s 2024"},"image":{"@id":"https:\/\/facts-and-figures.belgiantrain.be\/2025\/#\/schema\/logo\/image\/"}}]}},"_links":{"self":[{"href":"https:\/\/facts-and-figures.belgiantrain.be\/2025\/wp-json\/wp\/v2\/pages\/2358","targetHints":{"allow":["GET"]}}],"collection":[{"href":"https:\/\/facts-and-figures.belgiantrain.be\/2025\/wp-json\/wp\/v2\/pages"}],"about":[{"href":"https:\/\/facts-and-figures.belgiantrain.be\/2025\/wp-json\/wp\/v2\/types\/page"}],"author":[{"embeddable":true,"href":"https:\/\/facts-and-figures.belgiantrain.be\/2025\/wp-json\/wp\/v2\/users\/2"}],"replies":[{"embeddable":true,"href":"https:\/\/facts-and-figures.belgiantrain.be\/2025\/wp-json\/wp\/v2\/comments?post=2358"}],"version-history":[{"count":5,"href":"https:\/\/facts-and-figures.belgiantrain.be\/2025\/wp-json\/wp\/v2\/pages\/2358\/revisions"}],"predecessor-version":[{"id":2981,"href":"https:\/\/facts-and-figures.belgiantrain.be\/2025\/wp-json\/wp\/v2\/pages\/2358\/revisions\/2981"}],"up":[{"embeddable":true,"href":"https:\/\/facts-and-figures.belgiantrain.be\/2025\/wp-json\/wp\/v2\/pages\/40"}],"wp:attachment":[{"href":"https:\/\/facts-and-figures.belgiantrain.be\/2025\/wp-json\/wp\/v2\/media?parent=2358"}],"curies":[{"name":"wp","href":"https:\/\/api.w.org\/{rel}","templated":true}]}}