{"id":2181,"date":"2026-03-09T10:07:00","date_gmt":"2026-03-09T09:07:00","guid":{"rendered":"https:\/\/facts-and-figures.belgiantrain.be\/2025\/performance\/de-meilleures-applications-pour-un-meilleur-service-au-client\/"},"modified":"2026-05-06T15:46:25","modified_gmt":"2026-05-06T13:46:25","slug":"ponctualite-niveau-eleve","status":"publish","type":"page","link":"https:\/\/facts-and-figures.belgiantrain.be\/2025\/performance\/ponctualite-niveau-eleve\/","title":{"rendered":"La ponctualit\u00e9 en nette am\u00e9lioration"},"content":{"rendered":"","protected":false},"excerpt":{"rendered":"","protected":false},"author":2,"featured_media":0,"parent":46,"menu_order":46,"comment_status":"closed","ping_status":"closed","template":"","meta":{"_acf_changed":false,"footnotes":""},"class_list":["post-2181","page","type-page","status-publish","hentry"],"acf":{"contenu":[{"acf_fc_layout":"texte","texte":"<p>Tout au long de l\u2019ann\u00e9e <strong>2025<\/strong>, la <strong>ponctualit\u00e9 des trains<\/strong> a \u00e9t\u00e9 en nette am\u00e9lioration. Les trains de la <strong>SNCB<\/strong> ont atteint une ponctualit\u00e9 de<strong> 91,6 %<\/strong>, soit une am\u00e9lioration par rapport aux <strong>89,7 % de 2024.<\/strong> Il s&rsquo;agit du <strong>meilleur taux de ponctualit\u00e9 depuis 20 ans<\/strong> (sans compter les ann\u00e9es 2020 et 2021 marqu\u00e9es par la crise sanitaire du COVID).<\/p>\n<p>L&rsquo;am\u00e9lioration se constate sur l\u2019ensemble des causes de non-ponctualit\u00e9. Sur l&rsquo;am\u00e9lioration de la ponctualit\u00e9 entre 2024 et 2025, <strong>0,4 % est attribuable \u00e0 la SNCB<\/strong>, sa part directe dans les causes de non-ponctualit\u00e9 \u00e9tant pass\u00e9e de 3,7 % \u00e0 3,3 %. En outre, l\u2019impact du manque de robustesse du syst\u00e8me ferroviaire diminue de <strong>0,8 %<\/strong>. Cette diminution est le r\u00e9sultat des am\u00e9liorations conjointes mises en \u0153uvre par la SNCB et <strong>Infrabel<\/strong>.<\/p>\n","centre":false},{"acf_fc_layout":"media","media":"image","image":2820,"rive":"","size":"small","zoomable":false}]},"yoast_head":"<!-- This site is optimized with the Yoast SEO plugin v27.5 - https:\/\/yoast.com\/product\/yoast-seo-wordpress\/ -->\n<title>La ponctualit\u00e9 en nette am\u00e9lioration - SNCB R\u00e9alisations et chiffres-cl\u00e9s<\/title>\n<meta name=\"description\" content=\"Tout au long de l\u2019ann\u00e9e 2025, la ponctualit\u00e9 des trains a \u00e9t\u00e9 en nette am\u00e9lioration.\" \/>\n<meta name=\"robots\" content=\"index, follow, max-snippet:-1, max-image-preview:large, max-video-preview:-1\" \/>\n<link rel=\"canonical\" href=\"https:\/\/facts-and-figures.belgiantrain.be\/2025\/performance\/ponctualite-niveau-eleve\/\" \/>\n<meta property=\"og:locale\" content=\"fr_FR\" \/>\n<meta property=\"og:type\" content=\"article\" \/>\n<meta property=\"og:title\" content=\"La ponctualit\u00e9 en nette am\u00e9lioration - SNCB R\u00e9alisations et chiffres-cl\u00e9s\" \/>\n<meta property=\"og:description\" content=\"Tout au long de l\u2019ann\u00e9e 2025, la ponctualit\u00e9 des trains a \u00e9t\u00e9 en nette am\u00e9lioration.\" \/>\n<meta property=\"og:url\" content=\"https:\/\/facts-and-figures.belgiantrain.be\/2025\/performance\/ponctualite-niveau-eleve\/\" \/>\n<meta property=\"og:site_name\" content=\"SNCB R\u00e9alisations et chiffres-cl\u00e9s\" \/>\n<meta property=\"article:modified_time\" content=\"2026-05-06T13:46:25+00:00\" \/>\n<meta name=\"twitter:card\" content=\"summary_large_image\" \/>\n<script type=\"application\/ld+json\" class=\"yoast-schema-graph\">{\"@context\":\"https:\\\/\\\/schema.org\",\"@graph\":[{\"@type\":\"WebPage\",\"@id\":\"https:\\\/\\\/facts-and-figures.belgiantrain.be\\\/2025\\\/performance\\\/ponctualite-niveau-eleve\\\/\",\"url\":\"https:\\\/\\\/facts-and-figures.belgiantrain.be\\\/2025\\\/performance\\\/ponctualite-niveau-eleve\\\/\",\"name\":\"La ponctualit\u00e9 en nette am\u00e9lioration - SNCB R\u00e9alisations et chiffres-cl\u00e9s\",\"isPartOf\":{\"@id\":\"https:\\\/\\\/facts-and-figures.belgiantrain.be\\\/2025\\\/#website\"},\"datePublished\":\"2026-03-09T09:07:00+00:00\",\"dateModified\":\"2026-05-06T13:46:25+00:00\",\"description\":\"Tout au long de l\u2019ann\u00e9e 2025, la ponctualit\u00e9 des trains a \u00e9t\u00e9 en nette am\u00e9lioration.\",\"breadcrumb\":{\"@id\":\"https:\\\/\\\/facts-and-figures.belgiantrain.be\\\/2025\\\/performance\\\/ponctualite-niveau-eleve\\\/#breadcrumb\"},\"inLanguage\":\"fr-FR\",\"potentialAction\":[{\"@type\":\"ReadAction\",\"target\":[\"https:\\\/\\\/facts-and-figures.belgiantrain.be\\\/2025\\\/performance\\\/ponctualite-niveau-eleve\\\/\"]}]},{\"@type\":\"BreadcrumbList\",\"@id\":\"https:\\\/\\\/facts-and-figures.belgiantrain.be\\\/2025\\\/performance\\\/ponctualite-niveau-eleve\\\/#breadcrumb\",\"itemListElement\":[{\"@type\":\"ListItem\",\"position\":1,\"name\":\"Accueil\",\"item\":\"https:\\\/\\\/facts-and-figures.belgiantrain.be\\\/2025\\\/\"},{\"@type\":\"ListItem\",\"position\":2,\"name\":\"Performance\",\"item\":\"https:\\\/\\\/facts-and-figures.belgiantrain.be\\\/2025\\\/performance\\\/\"},{\"@type\":\"ListItem\",\"position\":3,\"name\":\"La ponctualit\u00e9 en nette am\u00e9lioration\"}]},{\"@type\":\"WebSite\",\"@id\":\"https:\\\/\\\/facts-and-figures.belgiantrain.be\\\/2025\\\/#website\",\"url\":\"https:\\\/\\\/facts-and-figures.belgiantrain.be\\\/2025\\\/\",\"name\":\"SNCB R\u00e9alisations et chiffres-cl\u00e9s 2024\",\"description\":\"\",\"publisher\":{\"@id\":\"https:\\\/\\\/facts-and-figures.belgiantrain.be\\\/2025\\\/#organization\"},\"potentialAction\":[{\"@type\":\"SearchAction\",\"target\":{\"@type\":\"EntryPoint\",\"urlTemplate\":\"https:\\\/\\\/facts-and-figures.belgiantrain.be\\\/2025\\\/?s={search_term_string}\"},\"query-input\":{\"@type\":\"PropertyValueSpecification\",\"valueRequired\":true,\"valueName\":\"search_term_string\"}}],\"inLanguage\":\"fr-FR\"},{\"@type\":\"Organization\",\"@id\":\"https:\\\/\\\/facts-and-figures.belgiantrain.be\\\/2025\\\/#organization\",\"name\":\"SNCB R\u00e9alisations et chiffres-cl\u00e9s 2024\",\"url\":\"https:\\\/\\\/facts-and-figures.belgiantrain.be\\\/2025\\\/\",\"logo\":{\"@type\":\"ImageObject\",\"inLanguage\":\"fr-FR\",\"@id\":\"https:\\\/\\\/facts-and-figures.belgiantrain.be\\\/2025\\\/#\\\/schema\\\/logo\\\/image\\\/\",\"url\":\"https:\\\/\\\/facts-and-figures.belgiantrain.be\\\/2025\\\/wp-content\\\/uploads\\\/2025\\\/04\\\/apple-touch-icon.png\",\"contentUrl\":\"https:\\\/\\\/facts-and-figures.belgiantrain.be\\\/2025\\\/wp-content\\\/uploads\\\/2025\\\/04\\\/apple-touch-icon.png\",\"width\":57,\"height\":57,\"caption\":\"SNCB R\u00e9alisations et chiffres-cl\u00e9s 2024\"},\"image\":{\"@id\":\"https:\\\/\\\/facts-and-figures.belgiantrain.be\\\/2025\\\/#\\\/schema\\\/logo\\\/image\\\/\"}}]}<\/script>\n<!-- \/ Yoast SEO plugin. -->","yoast_head_json":{"title":"La ponctualit\u00e9 en nette am\u00e9lioration - SNCB R\u00e9alisations et chiffres-cl\u00e9s","description":"Tout au long de l\u2019ann\u00e9e 2025, la ponctualit\u00e9 des trains a \u00e9t\u00e9 en nette am\u00e9lioration.","robots":{"index":"index","follow":"follow","max-snippet":"max-snippet:-1","max-image-preview":"max-image-preview:large","max-video-preview":"max-video-preview:-1"},"canonical":"https:\/\/facts-and-figures.belgiantrain.be\/2025\/performance\/ponctualite-niveau-eleve\/","og_locale":"fr_FR","og_type":"article","og_title":"La ponctualit\u00e9 en nette am\u00e9lioration - SNCB R\u00e9alisations et chiffres-cl\u00e9s","og_description":"Tout au long de l\u2019ann\u00e9e 2025, la ponctualit\u00e9 des trains a \u00e9t\u00e9 en nette am\u00e9lioration.","og_url":"https:\/\/facts-and-figures.belgiantrain.be\/2025\/performance\/ponctualite-niveau-eleve\/","og_site_name":"SNCB R\u00e9alisations et chiffres-cl\u00e9s","article_modified_time":"2026-05-06T13:46:25+00:00","twitter_card":"summary_large_image","schema":{"@context":"https:\/\/schema.org","@graph":[{"@type":"WebPage","@id":"https:\/\/facts-and-figures.belgiantrain.be\/2025\/performance\/ponctualite-niveau-eleve\/","url":"https:\/\/facts-and-figures.belgiantrain.be\/2025\/performance\/ponctualite-niveau-eleve\/","name":"La ponctualit\u00e9 en nette am\u00e9lioration - SNCB R\u00e9alisations et chiffres-cl\u00e9s","isPartOf":{"@id":"https:\/\/facts-and-figures.belgiantrain.be\/2025\/#website"},"datePublished":"2026-03-09T09:07:00+00:00","dateModified":"2026-05-06T13:46:25+00:00","description":"Tout au long de l\u2019ann\u00e9e 2025, la ponctualit\u00e9 des trains a \u00e9t\u00e9 en nette am\u00e9lioration.","breadcrumb":{"@id":"https:\/\/facts-and-figures.belgiantrain.be\/2025\/performance\/ponctualite-niveau-eleve\/#breadcrumb"},"inLanguage":"fr-FR","potentialAction":[{"@type":"ReadAction","target":["https:\/\/facts-and-figures.belgiantrain.be\/2025\/performance\/ponctualite-niveau-eleve\/"]}]},{"@type":"BreadcrumbList","@id":"https:\/\/facts-and-figures.belgiantrain.be\/2025\/performance\/ponctualite-niveau-eleve\/#breadcrumb","itemListElement":[{"@type":"ListItem","position":1,"name":"Accueil","item":"https:\/\/facts-and-figures.belgiantrain.be\/2025\/"},{"@type":"ListItem","position":2,"name":"Performance","item":"https:\/\/facts-and-figures.belgiantrain.be\/2025\/performance\/"},{"@type":"ListItem","position":3,"name":"La ponctualit\u00e9 en nette am\u00e9lioration"}]},{"@type":"WebSite","@id":"https:\/\/facts-and-figures.belgiantrain.be\/2025\/#website","url":"https:\/\/facts-and-figures.belgiantrain.be\/2025\/","name":"SNCB R\u00e9alisations et chiffres-cl\u00e9s 2024","description":"","publisher":{"@id":"https:\/\/facts-and-figures.belgiantrain.be\/2025\/#organization"},"potentialAction":[{"@type":"SearchAction","target":{"@type":"EntryPoint","urlTemplate":"https:\/\/facts-and-figures.belgiantrain.be\/2025\/?s={search_term_string}"},"query-input":{"@type":"PropertyValueSpecification","valueRequired":true,"valueName":"search_term_string"}}],"inLanguage":"fr-FR"},{"@type":"Organization","@id":"https:\/\/facts-and-figures.belgiantrain.be\/2025\/#organization","name":"SNCB R\u00e9alisations et chiffres-cl\u00e9s 2024","url":"https:\/\/facts-and-figures.belgiantrain.be\/2025\/","logo":{"@type":"ImageObject","inLanguage":"fr-FR","@id":"https:\/\/facts-and-figures.belgiantrain.be\/2025\/#\/schema\/logo\/image\/","url":"https:\/\/facts-and-figures.belgiantrain.be\/2025\/wp-content\/uploads\/2025\/04\/apple-touch-icon.png","contentUrl":"https:\/\/facts-and-figures.belgiantrain.be\/2025\/wp-content\/uploads\/2025\/04\/apple-touch-icon.png","width":57,"height":57,"caption":"SNCB R\u00e9alisations et chiffres-cl\u00e9s 2024"},"image":{"@id":"https:\/\/facts-and-figures.belgiantrain.be\/2025\/#\/schema\/logo\/image\/"}}]}},"_links":{"self":[{"href":"https:\/\/facts-and-figures.belgiantrain.be\/2025\/wp-json\/wp\/v2\/pages\/2181","targetHints":{"allow":["GET"]}}],"collection":[{"href":"https:\/\/facts-and-figures.belgiantrain.be\/2025\/wp-json\/wp\/v2\/pages"}],"about":[{"href":"https:\/\/facts-and-figures.belgiantrain.be\/2025\/wp-json\/wp\/v2\/types\/page"}],"author":[{"embeddable":true,"href":"https:\/\/facts-and-figures.belgiantrain.be\/2025\/wp-json\/wp\/v2\/users\/2"}],"replies":[{"embeddable":true,"href":"https:\/\/facts-and-figures.belgiantrain.be\/2025\/wp-json\/wp\/v2\/comments?post=2181"}],"version-history":[{"count":6,"href":"https:\/\/facts-and-figures.belgiantrain.be\/2025\/wp-json\/wp\/v2\/pages\/2181\/revisions"}],"predecessor-version":[{"id":2987,"href":"https:\/\/facts-and-figures.belgiantrain.be\/2025\/wp-json\/wp\/v2\/pages\/2181\/revisions\/2987"}],"up":[{"embeddable":true,"href":"https:\/\/facts-and-figures.belgiantrain.be\/2025\/wp-json\/wp\/v2\/pages\/46"}],"wp:attachment":[{"href":"https:\/\/facts-and-figures.belgiantrain.be\/2025\/wp-json\/wp\/v2\/media?parent=2181"}],"curies":[{"name":"wp","href":"https:\/\/api.w.org\/{rel}","templated":true}]}}