{"id":2167,"date":"2026-03-09T10:06:59","date_gmt":"2026-03-09T09:06:59","guid":{"rendered":"https:\/\/facts-and-figures.belgiantrain.be\/2025\/offre\/des-liaisons-internationales-renforcees\/"},"modified":"2026-05-06T15:06:22","modified_gmt":"2026-05-06T13:06:22","slug":"bruxelles-midi-confirme-role-hub-ferroviaire-international","status":"publish","type":"page","link":"https:\/\/facts-and-figures.belgiantrain.be\/2025\/offre\/bruxelles-midi-confirme-role-hub-ferroviaire-international\/","title":{"rendered":"Bruxelles-Midi confirme son r\u00f4le de hub ferroviaire international"},"content":{"rendered":"","protected":false},"excerpt":{"rendered":"","protected":false},"author":2,"featured_media":0,"parent":44,"menu_order":28,"comment_status":"closed","ping_status":"closed","template":"","meta":{"_acf_changed":false,"footnotes":""},"class_list":["post-2167","page","type-page","status-publish","hentry"],"acf":{"contenu":[{"acf_fc_layout":"texte","texte":"<p>En <strong>2025<\/strong>, <strong>Bruxelles-Midi<\/strong> a confirm\u00e9 son r\u00f4le de <strong>hub ferroviaire international<\/strong>. Elle s\u2019affirme plus que jamais comme un <strong>carrefour majeur<\/strong> pour les d\u00e9placements en train en Europe et o\u00f9 transitent chaque semaine pr\u00e8s de <strong>300 000 voyageurs internationaux<\/strong>.<\/p>\n<p>La gare a accueilli en 2025 plus de <strong>21 millions de voyageurs internationaux<\/strong>, soit une <strong>hausse de 9 %<\/strong> par rapport \u00e0 l\u2019ann\u00e9e pr\u00e9c\u00e9dente.<\/p>\n<p>L&rsquo;extension de l&rsquo;offre et la position centrale de Bruxelles et de la Belgique convainquent de plus en plus de voyageurs que le train repr\u00e9sente le <strong>mode de transport durable<\/strong> par excellence pour leurs voyages en Belgique et au sein de l\u2019Europe, ce qui soutient \u00e9galement la <strong>transition vers un v\u00e9ritable transfert modal et une mobilit\u00e9 \u00e0 faible empreinte carbone<\/strong><\/p>\n<p>Aujourd\u2019hui, la <strong>SNCB<\/strong> permet de rejoindre pr\u00e8s de <strong>6 000 destinations dans 14 pays europ\u00e9ens<\/strong>. Plus de <strong>1 000 d\u2019entre elles<\/strong> se trouvent \u00e0 moins de <strong>six heures de Bruxelles<\/strong>, avec au maximum une correspondance. Les voyageurs peuvent r\u00e9server leurs trajets via le site et l\u2019application <strong>SNCB International<\/strong>, ainsi que via l\u2019ensemble des canaux de vente internationaux.<\/p>\n","centre":false},{"acf_fc_layout":"media","media":"image","image":2803,"rive":"","size":"small","zoomable":false}]},"yoast_head":"<!-- This site is optimized with the Yoast SEO plugin v27.5 - https:\/\/yoast.com\/product\/yoast-seo-wordpress\/ -->\n<title>Bruxelles-Midi confirme son r\u00f4le de hub ferroviaire international - SNCB R\u00e9alisations et chiffres-cl\u00e9s<\/title>\n<meta name=\"description\" content=\"En 2025, Bruxelles-Midi a confirm\u00e9 son r\u00f4le de hub ferroviaire international.\" \/>\n<meta name=\"robots\" content=\"index, follow, max-snippet:-1, max-image-preview:large, max-video-preview:-1\" \/>\n<link rel=\"canonical\" href=\"https:\/\/facts-and-figures.belgiantrain.be\/2025\/offre\/bruxelles-midi-confirme-role-hub-ferroviaire-international\/\" \/>\n<meta property=\"og:locale\" content=\"fr_FR\" \/>\n<meta property=\"og:type\" content=\"article\" \/>\n<meta property=\"og:title\" content=\"Bruxelles-Midi confirme son r\u00f4le de hub ferroviaire international - SNCB R\u00e9alisations et chiffres-cl\u00e9s\" \/>\n<meta property=\"og:description\" content=\"En 2025, Bruxelles-Midi a confirm\u00e9 son r\u00f4le de hub ferroviaire international.\" \/>\n<meta property=\"og:url\" content=\"https:\/\/facts-and-figures.belgiantrain.be\/2025\/offre\/bruxelles-midi-confirme-role-hub-ferroviaire-international\/\" \/>\n<meta property=\"og:site_name\" content=\"SNCB R\u00e9alisations et chiffres-cl\u00e9s\" \/>\n<meta property=\"article:modified_time\" content=\"2026-05-06T13:06:22+00:00\" \/>\n<meta name=\"twitter:card\" content=\"summary_large_image\" \/>\n<script type=\"application\/ld+json\" class=\"yoast-schema-graph\">{\"@context\":\"https:\\\/\\\/schema.org\",\"@graph\":[{\"@type\":\"WebPage\",\"@id\":\"https:\\\/\\\/facts-and-figures.belgiantrain.be\\\/2025\\\/offre\\\/bruxelles-midi-confirme-role-hub-ferroviaire-international\\\/\",\"url\":\"https:\\\/\\\/facts-and-figures.belgiantrain.be\\\/2025\\\/offre\\\/bruxelles-midi-confirme-role-hub-ferroviaire-international\\\/\",\"name\":\"Bruxelles-Midi confirme son r\u00f4le de hub ferroviaire international - SNCB R\u00e9alisations et chiffres-cl\u00e9s\",\"isPartOf\":{\"@id\":\"https:\\\/\\\/facts-and-figures.belgiantrain.be\\\/2025\\\/#website\"},\"datePublished\":\"2026-03-09T09:06:59+00:00\",\"dateModified\":\"2026-05-06T13:06:22+00:00\",\"description\":\"En 2025, Bruxelles-Midi a confirm\u00e9 son r\u00f4le de hub ferroviaire international.\",\"breadcrumb\":{\"@id\":\"https:\\\/\\\/facts-and-figures.belgiantrain.be\\\/2025\\\/offre\\\/bruxelles-midi-confirme-role-hub-ferroviaire-international\\\/#breadcrumb\"},\"inLanguage\":\"fr-FR\",\"potentialAction\":[{\"@type\":\"ReadAction\",\"target\":[\"https:\\\/\\\/facts-and-figures.belgiantrain.be\\\/2025\\\/offre\\\/bruxelles-midi-confirme-role-hub-ferroviaire-international\\\/\"]}]},{\"@type\":\"BreadcrumbList\",\"@id\":\"https:\\\/\\\/facts-and-figures.belgiantrain.be\\\/2025\\\/offre\\\/bruxelles-midi-confirme-role-hub-ferroviaire-international\\\/#breadcrumb\",\"itemListElement\":[{\"@type\":\"ListItem\",\"position\":1,\"name\":\"Accueil\",\"item\":\"https:\\\/\\\/facts-and-figures.belgiantrain.be\\\/2025\\\/\"},{\"@type\":\"ListItem\",\"position\":2,\"name\":\"Offre\",\"item\":\"https:\\\/\\\/facts-and-figures.belgiantrain.be\\\/2025\\\/offre\\\/\"},{\"@type\":\"ListItem\",\"position\":3,\"name\":\"Bruxelles-Midi confirme son r\u00f4le de hub ferroviaire international\"}]},{\"@type\":\"WebSite\",\"@id\":\"https:\\\/\\\/facts-and-figures.belgiantrain.be\\\/2025\\\/#website\",\"url\":\"https:\\\/\\\/facts-and-figures.belgiantrain.be\\\/2025\\\/\",\"name\":\"SNCB R\u00e9alisations et chiffres-cl\u00e9s 2024\",\"description\":\"\",\"publisher\":{\"@id\":\"https:\\\/\\\/facts-and-figures.belgiantrain.be\\\/2025\\\/#organization\"},\"potentialAction\":[{\"@type\":\"SearchAction\",\"target\":{\"@type\":\"EntryPoint\",\"urlTemplate\":\"https:\\\/\\\/facts-and-figures.belgiantrain.be\\\/2025\\\/?s={search_term_string}\"},\"query-input\":{\"@type\":\"PropertyValueSpecification\",\"valueRequired\":true,\"valueName\":\"search_term_string\"}}],\"inLanguage\":\"fr-FR\"},{\"@type\":\"Organization\",\"@id\":\"https:\\\/\\\/facts-and-figures.belgiantrain.be\\\/2025\\\/#organization\",\"name\":\"SNCB R\u00e9alisations et chiffres-cl\u00e9s 2024\",\"url\":\"https:\\\/\\\/facts-and-figures.belgiantrain.be\\\/2025\\\/\",\"logo\":{\"@type\":\"ImageObject\",\"inLanguage\":\"fr-FR\",\"@id\":\"https:\\\/\\\/facts-and-figures.belgiantrain.be\\\/2025\\\/#\\\/schema\\\/logo\\\/image\\\/\",\"url\":\"https:\\\/\\\/facts-and-figures.belgiantrain.be\\\/2025\\\/wp-content\\\/uploads\\\/2025\\\/04\\\/apple-touch-icon.png\",\"contentUrl\":\"https:\\\/\\\/facts-and-figures.belgiantrain.be\\\/2025\\\/wp-content\\\/uploads\\\/2025\\\/04\\\/apple-touch-icon.png\",\"width\":57,\"height\":57,\"caption\":\"SNCB R\u00e9alisations et chiffres-cl\u00e9s 2024\"},\"image\":{\"@id\":\"https:\\\/\\\/facts-and-figures.belgiantrain.be\\\/2025\\\/#\\\/schema\\\/logo\\\/image\\\/\"}}]}<\/script>\n<!-- \/ Yoast SEO plugin. -->","yoast_head_json":{"title":"Bruxelles-Midi confirme son r\u00f4le de hub ferroviaire international - SNCB R\u00e9alisations et chiffres-cl\u00e9s","description":"En 2025, Bruxelles-Midi a confirm\u00e9 son r\u00f4le de hub ferroviaire international.","robots":{"index":"index","follow":"follow","max-snippet":"max-snippet:-1","max-image-preview":"max-image-preview:large","max-video-preview":"max-video-preview:-1"},"canonical":"https:\/\/facts-and-figures.belgiantrain.be\/2025\/offre\/bruxelles-midi-confirme-role-hub-ferroviaire-international\/","og_locale":"fr_FR","og_type":"article","og_title":"Bruxelles-Midi confirme son r\u00f4le de hub ferroviaire international - SNCB R\u00e9alisations et chiffres-cl\u00e9s","og_description":"En 2025, Bruxelles-Midi a confirm\u00e9 son r\u00f4le de hub ferroviaire international.","og_url":"https:\/\/facts-and-figures.belgiantrain.be\/2025\/offre\/bruxelles-midi-confirme-role-hub-ferroviaire-international\/","og_site_name":"SNCB R\u00e9alisations et chiffres-cl\u00e9s","article_modified_time":"2026-05-06T13:06:22+00:00","twitter_card":"summary_large_image","schema":{"@context":"https:\/\/schema.org","@graph":[{"@type":"WebPage","@id":"https:\/\/facts-and-figures.belgiantrain.be\/2025\/offre\/bruxelles-midi-confirme-role-hub-ferroviaire-international\/","url":"https:\/\/facts-and-figures.belgiantrain.be\/2025\/offre\/bruxelles-midi-confirme-role-hub-ferroviaire-international\/","name":"Bruxelles-Midi confirme son r\u00f4le de hub ferroviaire international - SNCB R\u00e9alisations et chiffres-cl\u00e9s","isPartOf":{"@id":"https:\/\/facts-and-figures.belgiantrain.be\/2025\/#website"},"datePublished":"2026-03-09T09:06:59+00:00","dateModified":"2026-05-06T13:06:22+00:00","description":"En 2025, Bruxelles-Midi a confirm\u00e9 son r\u00f4le de hub ferroviaire international.","breadcrumb":{"@id":"https:\/\/facts-and-figures.belgiantrain.be\/2025\/offre\/bruxelles-midi-confirme-role-hub-ferroviaire-international\/#breadcrumb"},"inLanguage":"fr-FR","potentialAction":[{"@type":"ReadAction","target":["https:\/\/facts-and-figures.belgiantrain.be\/2025\/offre\/bruxelles-midi-confirme-role-hub-ferroviaire-international\/"]}]},{"@type":"BreadcrumbList","@id":"https:\/\/facts-and-figures.belgiantrain.be\/2025\/offre\/bruxelles-midi-confirme-role-hub-ferroviaire-international\/#breadcrumb","itemListElement":[{"@type":"ListItem","position":1,"name":"Accueil","item":"https:\/\/facts-and-figures.belgiantrain.be\/2025\/"},{"@type":"ListItem","position":2,"name":"Offre","item":"https:\/\/facts-and-figures.belgiantrain.be\/2025\/offre\/"},{"@type":"ListItem","position":3,"name":"Bruxelles-Midi confirme son r\u00f4le de hub ferroviaire international"}]},{"@type":"WebSite","@id":"https:\/\/facts-and-figures.belgiantrain.be\/2025\/#website","url":"https:\/\/facts-and-figures.belgiantrain.be\/2025\/","name":"SNCB R\u00e9alisations et chiffres-cl\u00e9s 2024","description":"","publisher":{"@id":"https:\/\/facts-and-figures.belgiantrain.be\/2025\/#organization"},"potentialAction":[{"@type":"SearchAction","target":{"@type":"EntryPoint","urlTemplate":"https:\/\/facts-and-figures.belgiantrain.be\/2025\/?s={search_term_string}"},"query-input":{"@type":"PropertyValueSpecification","valueRequired":true,"valueName":"search_term_string"}}],"inLanguage":"fr-FR"},{"@type":"Organization","@id":"https:\/\/facts-and-figures.belgiantrain.be\/2025\/#organization","name":"SNCB R\u00e9alisations et chiffres-cl\u00e9s 2024","url":"https:\/\/facts-and-figures.belgiantrain.be\/2025\/","logo":{"@type":"ImageObject","inLanguage":"fr-FR","@id":"https:\/\/facts-and-figures.belgiantrain.be\/2025\/#\/schema\/logo\/image\/","url":"https:\/\/facts-and-figures.belgiantrain.be\/2025\/wp-content\/uploads\/2025\/04\/apple-touch-icon.png","contentUrl":"https:\/\/facts-and-figures.belgiantrain.be\/2025\/wp-content\/uploads\/2025\/04\/apple-touch-icon.png","width":57,"height":57,"caption":"SNCB R\u00e9alisations et chiffres-cl\u00e9s 2024"},"image":{"@id":"https:\/\/facts-and-figures.belgiantrain.be\/2025\/#\/schema\/logo\/image\/"}}]}},"_links":{"self":[{"href":"https:\/\/facts-and-figures.belgiantrain.be\/2025\/wp-json\/wp\/v2\/pages\/2167","targetHints":{"allow":["GET"]}}],"collection":[{"href":"https:\/\/facts-and-figures.belgiantrain.be\/2025\/wp-json\/wp\/v2\/pages"}],"about":[{"href":"https:\/\/facts-and-figures.belgiantrain.be\/2025\/wp-json\/wp\/v2\/types\/page"}],"author":[{"embeddable":true,"href":"https:\/\/facts-and-figures.belgiantrain.be\/2025\/wp-json\/wp\/v2\/users\/2"}],"replies":[{"embeddable":true,"href":"https:\/\/facts-and-figures.belgiantrain.be\/2025\/wp-json\/wp\/v2\/comments?post=2167"}],"version-history":[{"count":5,"href":"https:\/\/facts-and-figures.belgiantrain.be\/2025\/wp-json\/wp\/v2\/pages\/2167\/revisions"}],"predecessor-version":[{"id":2977,"href":"https:\/\/facts-and-figures.belgiantrain.be\/2025\/wp-json\/wp\/v2\/pages\/2167\/revisions\/2977"}],"up":[{"embeddable":true,"href":"https:\/\/facts-and-figures.belgiantrain.be\/2025\/wp-json\/wp\/v2\/pages\/44"}],"wp:attachment":[{"href":"https:\/\/facts-and-figures.belgiantrain.be\/2025\/wp-json\/wp\/v2\/media?parent=2167"}],"curies":[{"name":"wp","href":"https:\/\/api.w.org\/{rel}","templated":true}]}}