{"id":2143,"date":"2026-03-09T10:06:58","date_gmt":"2026-03-09T09:06:58","guid":{"rendered":"https:\/\/facts-and-figures.belgiantrain.be\/2025\/gares\/davantage-de-parkings-voitures-et-velos\/"},"modified":"2026-05-06T15:08:17","modified_gmt":"2026-05-06T13:08:17","slug":"gares-plus-accessibles-partout-en-belgique","status":"publish","type":"page","link":"https:\/\/facts-and-figures.belgiantrain.be\/2025\/gares\/gares-plus-accessibles-partout-en-belgique\/","title":{"rendered":"Des gares plus accessibles partout en Belgique"},"content":{"rendered":"","protected":false},"excerpt":{"rendered":"","protected":false},"author":2,"featured_media":0,"parent":40,"menu_order":31,"comment_status":"closed","ping_status":"closed","template":"","meta":{"_acf_changed":false,"footnotes":""},"class_list":["post-2143","page","type-page","status-publish","hentry"],"acf":{"contenu":[{"acf_fc_layout":"texte","texte":"<p>En 2025, <strong>seize gares suppl\u00e9mentaires ont \u00e9t\u00e9 rendues accessibles de mani\u00e8re autonome<\/strong>, permettant \u00e0 tous les voyageurs \u2013 en particulier aux <strong>personnes \u00e0 mobilit\u00e9 r\u00e9duite<\/strong> \u2013 de se d\u00e9placer plus facilement et en toute autonomie. Les gares concern\u00e9es sont Anvers-Central, Brugelette, Bruxelles-Luxembourg, Dinant, Hasselt, Kiewit, Li\u00e8ge-Saint-Lambert, Poix-Saint-Hubert, Saint-Job, Verviers-Central, Vis\u00e9, M\u00e9rode, Esneux, Sleidinge, Waarschoot et Evergem.<\/p>\n<p>Une gare est consid\u00e9r\u00e9e comme accessible de mani\u00e8re autonome lorsque tous les quais sont <strong>sur\u00e9lev\u00e9s et accessibles<\/strong> par ascenseur ou gr\u00e2ce \u00e0 une rampe, que des <strong>lignes de guidage<\/strong> sont install\u00e9es pour les personnes aveugles ou malvoyantes et qu\u2019au moins un <strong>automate de vente est adapt\u00e9<\/strong> \u00e0 tous les usagers.<\/p>\n<p>\u00c0 la fin de l\u2019ann\u00e9e 2025, <strong>132 gares \u00e9taient accessibles de mani\u00e8re autonome gr\u00e2ce \u00e0 des quais rehauss\u00e9s, des ascenseurs, des rampes et des cheminements adapt\u00e9s<\/strong>. Cela repr\u00e9sente une <strong>augmentation de 14 %<\/strong> par rapport \u00e0 la fin de l\u2019ann\u00e9e 2024. La <strong>SNCB<\/strong> poursuivra ses efforts en <strong>2026 et au-del\u00e0<\/strong> afin de renforcer encore l\u2019accessibilit\u00e9 de ses installations.<\/p>\n<p>En compl\u00e9ment, l\u2019<strong>assistance aux personnes \u00e0 mobilit\u00e9 r\u00e9duite<\/strong> a continu\u00e9 \u00e0 se d\u00e9velopper. A la fin de 2025, ce service \u00e9tait disponible dans <strong>174 gares<\/strong>, soit<strong> 24 de plus<\/strong> qu\u2019en 2024. Sur l\u2019ensemble de l\u2019ann\u00e9e, pr\u00e8s de <strong>126 000 demandes d\u2019assistance<\/strong> ont \u00e9t\u00e9 enregistr\u00e9es, illustrant l\u2019importance de ce service pour de nombreux voyageurs.<\/p>\n","centre":false},{"acf_fc_layout":"media","media":"image","image":2808,"rive":"","size":"small","zoomable":false}]},"yoast_head":"<!-- This site is optimized with the Yoast SEO plugin v27.5 - https:\/\/yoast.com\/product\/yoast-seo-wordpress\/ -->\n<title>Des gares plus accessibles partout en Belgique - SNCB R\u00e9alisations et chiffres-cl\u00e9s<\/title>\n<meta name=\"description\" content=\"En 2025, seize gares suppl\u00e9mentaires ont \u00e9t\u00e9 rendues accessibles de mani\u00e8re autonome, permettant \u00e0 tous les voyageurs de se d\u00e9placer plus facilement et en toute autonomie.\" \/>\n<meta name=\"robots\" content=\"index, follow, max-snippet:-1, max-image-preview:large, max-video-preview:-1\" \/>\n<link rel=\"canonical\" href=\"https:\/\/facts-and-figures.belgiantrain.be\/2025\/gares\/gares-plus-accessibles-partout-en-belgique\/\" \/>\n<meta property=\"og:locale\" content=\"fr_FR\" \/>\n<meta property=\"og:type\" content=\"article\" \/>\n<meta property=\"og:title\" content=\"Des gares plus accessibles partout en Belgique - SNCB R\u00e9alisations et chiffres-cl\u00e9s\" \/>\n<meta property=\"og:description\" content=\"En 2025, seize gares suppl\u00e9mentaires ont \u00e9t\u00e9 rendues accessibles de mani\u00e8re autonome, permettant \u00e0 tous les voyageurs de se d\u00e9placer plus facilement et en toute autonomie.\" \/>\n<meta property=\"og:url\" content=\"https:\/\/facts-and-figures.belgiantrain.be\/2025\/gares\/gares-plus-accessibles-partout-en-belgique\/\" \/>\n<meta property=\"og:site_name\" content=\"SNCB R\u00e9alisations et chiffres-cl\u00e9s\" \/>\n<meta property=\"article:modified_time\" content=\"2026-05-06T13:08:17+00:00\" \/>\n<meta name=\"twitter:card\" content=\"summary_large_image\" \/>\n<script type=\"application\/ld+json\" class=\"yoast-schema-graph\">{\"@context\":\"https:\\\/\\\/schema.org\",\"@graph\":[{\"@type\":\"WebPage\",\"@id\":\"https:\\\/\\\/facts-and-figures.belgiantrain.be\\\/2025\\\/gares\\\/gares-plus-accessibles-partout-en-belgique\\\/\",\"url\":\"https:\\\/\\\/facts-and-figures.belgiantrain.be\\\/2025\\\/gares\\\/gares-plus-accessibles-partout-en-belgique\\\/\",\"name\":\"Des gares plus accessibles partout en Belgique - SNCB R\u00e9alisations et chiffres-cl\u00e9s\",\"isPartOf\":{\"@id\":\"https:\\\/\\\/facts-and-figures.belgiantrain.be\\\/2025\\\/#website\"},\"datePublished\":\"2026-03-09T09:06:58+00:00\",\"dateModified\":\"2026-05-06T13:08:17+00:00\",\"description\":\"En 2025, seize gares suppl\u00e9mentaires ont \u00e9t\u00e9 rendues accessibles de mani\u00e8re autonome, permettant \u00e0 tous les voyageurs de se d\u00e9placer plus facilement et en toute autonomie.\",\"breadcrumb\":{\"@id\":\"https:\\\/\\\/facts-and-figures.belgiantrain.be\\\/2025\\\/gares\\\/gares-plus-accessibles-partout-en-belgique\\\/#breadcrumb\"},\"inLanguage\":\"fr-FR\",\"potentialAction\":[{\"@type\":\"ReadAction\",\"target\":[\"https:\\\/\\\/facts-and-figures.belgiantrain.be\\\/2025\\\/gares\\\/gares-plus-accessibles-partout-en-belgique\\\/\"]}]},{\"@type\":\"BreadcrumbList\",\"@id\":\"https:\\\/\\\/facts-and-figures.belgiantrain.be\\\/2025\\\/gares\\\/gares-plus-accessibles-partout-en-belgique\\\/#breadcrumb\",\"itemListElement\":[{\"@type\":\"ListItem\",\"position\":1,\"name\":\"Accueil\",\"item\":\"https:\\\/\\\/facts-and-figures.belgiantrain.be\\\/2025\\\/\"},{\"@type\":\"ListItem\",\"position\":2,\"name\":\"Gares\",\"item\":\"https:\\\/\\\/facts-and-figures.belgiantrain.be\\\/2025\\\/gares\\\/\"},{\"@type\":\"ListItem\",\"position\":3,\"name\":\"Des gares plus accessibles partout en Belgique\"}]},{\"@type\":\"WebSite\",\"@id\":\"https:\\\/\\\/facts-and-figures.belgiantrain.be\\\/2025\\\/#website\",\"url\":\"https:\\\/\\\/facts-and-figures.belgiantrain.be\\\/2025\\\/\",\"name\":\"SNCB R\u00e9alisations et chiffres-cl\u00e9s 2024\",\"description\":\"\",\"publisher\":{\"@id\":\"https:\\\/\\\/facts-and-figures.belgiantrain.be\\\/2025\\\/#organization\"},\"potentialAction\":[{\"@type\":\"SearchAction\",\"target\":{\"@type\":\"EntryPoint\",\"urlTemplate\":\"https:\\\/\\\/facts-and-figures.belgiantrain.be\\\/2025\\\/?s={search_term_string}\"},\"query-input\":{\"@type\":\"PropertyValueSpecification\",\"valueRequired\":true,\"valueName\":\"search_term_string\"}}],\"inLanguage\":\"fr-FR\"},{\"@type\":\"Organization\",\"@id\":\"https:\\\/\\\/facts-and-figures.belgiantrain.be\\\/2025\\\/#organization\",\"name\":\"SNCB R\u00e9alisations et chiffres-cl\u00e9s 2024\",\"url\":\"https:\\\/\\\/facts-and-figures.belgiantrain.be\\\/2025\\\/\",\"logo\":{\"@type\":\"ImageObject\",\"inLanguage\":\"fr-FR\",\"@id\":\"https:\\\/\\\/facts-and-figures.belgiantrain.be\\\/2025\\\/#\\\/schema\\\/logo\\\/image\\\/\",\"url\":\"https:\\\/\\\/facts-and-figures.belgiantrain.be\\\/2025\\\/wp-content\\\/uploads\\\/2025\\\/04\\\/apple-touch-icon.png\",\"contentUrl\":\"https:\\\/\\\/facts-and-figures.belgiantrain.be\\\/2025\\\/wp-content\\\/uploads\\\/2025\\\/04\\\/apple-touch-icon.png\",\"width\":57,\"height\":57,\"caption\":\"SNCB R\u00e9alisations et chiffres-cl\u00e9s 2024\"},\"image\":{\"@id\":\"https:\\\/\\\/facts-and-figures.belgiantrain.be\\\/2025\\\/#\\\/schema\\\/logo\\\/image\\\/\"}}]}<\/script>\n<!-- \/ Yoast SEO plugin. -->","yoast_head_json":{"title":"Des gares plus accessibles partout en Belgique - SNCB R\u00e9alisations et chiffres-cl\u00e9s","description":"En 2025, seize gares suppl\u00e9mentaires ont \u00e9t\u00e9 rendues accessibles de mani\u00e8re autonome, permettant \u00e0 tous les voyageurs de se d\u00e9placer plus facilement et en toute autonomie.","robots":{"index":"index","follow":"follow","max-snippet":"max-snippet:-1","max-image-preview":"max-image-preview:large","max-video-preview":"max-video-preview:-1"},"canonical":"https:\/\/facts-and-figures.belgiantrain.be\/2025\/gares\/gares-plus-accessibles-partout-en-belgique\/","og_locale":"fr_FR","og_type":"article","og_title":"Des gares plus accessibles partout en Belgique - SNCB R\u00e9alisations et chiffres-cl\u00e9s","og_description":"En 2025, seize gares suppl\u00e9mentaires ont \u00e9t\u00e9 rendues accessibles de mani\u00e8re autonome, permettant \u00e0 tous les voyageurs de se d\u00e9placer plus facilement et en toute autonomie.","og_url":"https:\/\/facts-and-figures.belgiantrain.be\/2025\/gares\/gares-plus-accessibles-partout-en-belgique\/","og_site_name":"SNCB R\u00e9alisations et chiffres-cl\u00e9s","article_modified_time":"2026-05-06T13:08:17+00:00","twitter_card":"summary_large_image","schema":{"@context":"https:\/\/schema.org","@graph":[{"@type":"WebPage","@id":"https:\/\/facts-and-figures.belgiantrain.be\/2025\/gares\/gares-plus-accessibles-partout-en-belgique\/","url":"https:\/\/facts-and-figures.belgiantrain.be\/2025\/gares\/gares-plus-accessibles-partout-en-belgique\/","name":"Des gares plus accessibles partout en Belgique - SNCB R\u00e9alisations et chiffres-cl\u00e9s","isPartOf":{"@id":"https:\/\/facts-and-figures.belgiantrain.be\/2025\/#website"},"datePublished":"2026-03-09T09:06:58+00:00","dateModified":"2026-05-06T13:08:17+00:00","description":"En 2025, seize gares suppl\u00e9mentaires ont \u00e9t\u00e9 rendues accessibles de mani\u00e8re autonome, permettant \u00e0 tous les voyageurs de se d\u00e9placer plus facilement et en toute autonomie.","breadcrumb":{"@id":"https:\/\/facts-and-figures.belgiantrain.be\/2025\/gares\/gares-plus-accessibles-partout-en-belgique\/#breadcrumb"},"inLanguage":"fr-FR","potentialAction":[{"@type":"ReadAction","target":["https:\/\/facts-and-figures.belgiantrain.be\/2025\/gares\/gares-plus-accessibles-partout-en-belgique\/"]}]},{"@type":"BreadcrumbList","@id":"https:\/\/facts-and-figures.belgiantrain.be\/2025\/gares\/gares-plus-accessibles-partout-en-belgique\/#breadcrumb","itemListElement":[{"@type":"ListItem","position":1,"name":"Accueil","item":"https:\/\/facts-and-figures.belgiantrain.be\/2025\/"},{"@type":"ListItem","position":2,"name":"Gares","item":"https:\/\/facts-and-figures.belgiantrain.be\/2025\/gares\/"},{"@type":"ListItem","position":3,"name":"Des gares plus accessibles partout en Belgique"}]},{"@type":"WebSite","@id":"https:\/\/facts-and-figures.belgiantrain.be\/2025\/#website","url":"https:\/\/facts-and-figures.belgiantrain.be\/2025\/","name":"SNCB R\u00e9alisations et chiffres-cl\u00e9s 2024","description":"","publisher":{"@id":"https:\/\/facts-and-figures.belgiantrain.be\/2025\/#organization"},"potentialAction":[{"@type":"SearchAction","target":{"@type":"EntryPoint","urlTemplate":"https:\/\/facts-and-figures.belgiantrain.be\/2025\/?s={search_term_string}"},"query-input":{"@type":"PropertyValueSpecification","valueRequired":true,"valueName":"search_term_string"}}],"inLanguage":"fr-FR"},{"@type":"Organization","@id":"https:\/\/facts-and-figures.belgiantrain.be\/2025\/#organization","name":"SNCB R\u00e9alisations et chiffres-cl\u00e9s 2024","url":"https:\/\/facts-and-figures.belgiantrain.be\/2025\/","logo":{"@type":"ImageObject","inLanguage":"fr-FR","@id":"https:\/\/facts-and-figures.belgiantrain.be\/2025\/#\/schema\/logo\/image\/","url":"https:\/\/facts-and-figures.belgiantrain.be\/2025\/wp-content\/uploads\/2025\/04\/apple-touch-icon.png","contentUrl":"https:\/\/facts-and-figures.belgiantrain.be\/2025\/wp-content\/uploads\/2025\/04\/apple-touch-icon.png","width":57,"height":57,"caption":"SNCB R\u00e9alisations et chiffres-cl\u00e9s 2024"},"image":{"@id":"https:\/\/facts-and-figures.belgiantrain.be\/2025\/#\/schema\/logo\/image\/"}}]}},"_links":{"self":[{"href":"https:\/\/facts-and-figures.belgiantrain.be\/2025\/wp-json\/wp\/v2\/pages\/2143","targetHints":{"allow":["GET"]}}],"collection":[{"href":"https:\/\/facts-and-figures.belgiantrain.be\/2025\/wp-json\/wp\/v2\/pages"}],"about":[{"href":"https:\/\/facts-and-figures.belgiantrain.be\/2025\/wp-json\/wp\/v2\/types\/page"}],"author":[{"embeddable":true,"href":"https:\/\/facts-and-figures.belgiantrain.be\/2025\/wp-json\/wp\/v2\/users\/2"}],"replies":[{"embeddable":true,"href":"https:\/\/facts-and-figures.belgiantrain.be\/2025\/wp-json\/wp\/v2\/comments?post=2143"}],"version-history":[{"count":6,"href":"https:\/\/facts-and-figures.belgiantrain.be\/2025\/wp-json\/wp\/v2\/pages\/2143\/revisions"}],"predecessor-version":[{"id":2978,"href":"https:\/\/facts-and-figures.belgiantrain.be\/2025\/wp-json\/wp\/v2\/pages\/2143\/revisions\/2978"}],"up":[{"embeddable":true,"href":"https:\/\/facts-and-figures.belgiantrain.be\/2025\/wp-json\/wp\/v2\/pages\/40"}],"wp:attachment":[{"href":"https:\/\/facts-and-figures.belgiantrain.be\/2025\/wp-json\/wp\/v2\/media?parent=2143"}],"curies":[{"name":"wp","href":"https:\/\/api.w.org\/{rel}","templated":true}]}}